 6. Let q be ((-44)/(-2) - m) + -4. Calculate the highest common divisor of q and 10.
10
Let o = 10 - 1. Suppose 14*p - o*p = 45. What is the greatest common factor of 81 and p?
9
Let u be (-44)/12 - (-4)/6. Let y(m) = -2*m**3 - 2*m**2 + m + 7. Let s be y(u). Calculate the highest common divisor of s and 320.
40
Suppose 0 = 3*m - 8*m + 50. Let j be (9 - (3 + 1)) + (34 - -1). Calculate the greatest common factor of j and m.
10
Suppose 18*a = 13*a + 725. Calculate the highest common divisor of 58 and a.
29
Let b be 395/(-3) + 1/(-3). Let v be ((-4)/(-6))/((-1)/b). Let a = -3222 - -3230. What is the greatest common factor of a and v?
8
Let p be 156/24 + 7/14. What is the greatest common divisor of 287 and p?
7
Let u = 20 + -7. Let o = u + 11. Calculate the highest common divisor of o and 4.
4
Let f = -39 - -26. Let w(s) = s**3 + 14*s**2 + 11*s - 2. Let k be w(f). Calculate the greatest common divisor of k and 6.
6
Let i = 65 - 63. Let g be ((-23)/(-3))/(1/3) + i. Calculate the highest common factor of g and 75.
25
Suppose -4*x + 19 = -k, k - 11 = -4*x + 2*x. Calculate the greatest common factor of x and 2.
1
Let w be 1 + -5 - (1 - 24). Suppose y + x - w = -2*x, -6 = 2*x. Calculate the greatest common divisor of 7 and y.
7
Let a(r) = 117*r**2 - r + 1. Let h = 12 - 8. Suppose h*c - 21 = -j - 0, 5*c = 2*j + 23. Let z be a(j). What is the highest common factor of 13 and z?
13
Let c(f) = -f**3 - f**2 - 4*f - 4. Let q be c(-4). Let p = q + -11. What is the greatest common factor of p and 7?
7
Let w(m) = -m**3 + 9*m**2 - 4*m - 41. Let b be w(4). What is the highest common factor of b and 1127?
23
Let l(d) = d**3 - 10*d**2 - 5*d - 161. Let i be l(14). Calculate the highest common divisor of i and 7.
7
Let l be (-3)/(3/((-2160)/6)). Calculate the greatest common factor of 8 and l.
8
Let o(g) = -g**2 - g + 18. Let d be o(0). Let w be (50/14 + (-88)/154)*6. Calculate the greatest common factor of w and d.
18
Suppose -n + 14 = o, -2*n = -2*o + n + 3. Suppose 0 = 14*w - 5 - o. Calculate the greatest common factor of w and 5.
1
Let j be 22/1*3/6 - -3. Suppose -16*c + 11*c + 35 = 0. Calculate the greatest common factor of j and c.
7
Let k = 1607 - 1580. What is the greatest common factor of 999 and k?
27
Let n be -4 - (-1 + 5 + -10). Let p be n/(-6) + (-385)/(-21). Calculate the greatest common factor of 144 and p.
18
Let k(a) = -a + 57. Let n be k(-19). Calculate the highest common factor of 4 and n.
4
Suppose 2 = 2*r + 12, 2*r + 55 = 5*a. Suppose 46*g - 11 = 41*g + x, -5*g - 3*x = -27. Calculate the highest common factor of a and g.
3
Suppose 2*q - 14 - 36 = 0. Suppose 2963 + 2837 = 29*m. What is the greatest common divisor of q and m?
25
Suppose -3850 = 3*m - 14*m. Calculate the highest common factor of m and 280.
70
Let s be -15*(-5)/(25/2). Let n(p) = 5 - s + 2 + p. Let w be n(1). Calculate the highest common factor of 10 and w.
2
Let v(p) = p**3 + 4*p**2 - 15*p - 5. Let y be v(-6). Let b = 92 - -51. What is the greatest common factor of b and y?
13
Let z be (-18)/4 - (-1166)/44. Calculate the highest common factor of z and 352.
22
Suppose -12*u + 14*u - 158 = 0. What is the highest common factor of u and 158?
79
Suppose -6*s = b - 2*s + 5, 0 = -2*b + 4*s + 2. Let m be 30 + 1 - (b - -5). What is the greatest common factor of m and 189?
27
Let x(f) = -f**3 + 22*f**2 + 2*f + 28. Let j be x(22). What is the highest common factor of 234 and j?
18
Let x = 708 + -690. Suppose 2*l - 75 - 395 = -3*s, 4*s = 4*l + 600. Suppose 0 = 3*g - s - 440. What is the highest common factor of x and g?
18
Suppose 3*i + 7*p = 4*p + 30, -4*i + 39 = 3*p. Suppose -13*a + 36 = -i*a. Let q be a/(-15) - 46/(-10). Calculate the greatest common factor of q and 32.
4
Let l = -622 - -640. What is the greatest common divisor of l and 2718?
18
Let p = 15 - 11. Let y(u) = u**3 + 8*u**2 + u - 10. Let m(k) = -k**3 - 6*k**2 - 7. Let f be m(-6). Let x be y(f). What is the greatest common factor of p and x?
4
Let m(o) = o**2 - 8*o - 1. Let b be m(7). Let q = b + 12. What is the highest common divisor of 12 and q?
4
Suppose 5*w - 27 = 8. Let k = w - 3. Calculate the greatest common divisor of 16 and k.
4
Let w = 34 + -41. Let q be 114/7 + 2/w. What is the greatest common divisor of q and 2?
2
Let t(v) = -14*v - 17. Let x be t(-2). Calculate the highest common divisor of x and 1.
1
Let z = 8 - 0. Let v(s) = -s**3 - 15*s**2 + 4. Let t(j) = j**3 - j**2 - 9*j - 6. Let p be t(-3). Let c be v(p). What is the highest common factor of c and z?
4
Let i = -278 + 288. Calculate the greatest common divisor of 25 and i.
5
Suppose 4*d = -4*b + 23 + 29, 4*d = 2*b - 44. Suppose 2*t - 33 = h, -t + 8 + b = -3*h. Calculate the highest common divisor of 6 and t.
3
Let t = 66 + -53. What is the highest common factor of 104 and t?
13
Let c = -1202 - -1882. Suppose -4*d - c = -4*s - 2*d, s - 170 = -4*d. Calculate the highest common factor of 34 and s.
34
Let d be (9/(-2))/3*-4. Let w = -898 + 901. Calculate the highest common factor of w and d.
3
Let q(u) = -u**2 - 19*u - 68. Let o be q(-5). Let a(s) = -10*s**3 - 3*s + 2*s - 1 + 2*s**3. Let g be a(-1). What is the greatest common divisor of o and g?
2
Let l(u) = 62 + 5*u + 6 + 10 - 3. Let q be l(-12). Suppose 0*b = -4*b - 2*n + 22, -b + 4*n = 17. What is the highest common divisor of q and b?
3
Suppose x - i = 2, -x - x = -4*i. Let n be x/18 - (-1292)/18. Let y be (-174)/(-10) - (-33)/55. What is the greatest common factor of n and y?
18
Let w = 660 + -464. Calculate the greatest common divisor of w and 147.
49
Let d = 67 - -8. Suppose d = 4*c - 33. Let z = 7200 + -6957. Calculate the greatest common divisor of z and c.
27
Let i(f) = -f**2 - 11*f - 10. Let z be i(-7). Calculate the greatest common divisor of 90 and z.
18
Let r be 10/(-4)*1*-22. Let i = 124 - r. Suppose f = -3*f + 92. What is the highest common factor of i and f?
23
Let s = -718 + -173. Let o be s/22*4/(-3). Calculate the highest common factor of o and 9.
9
Suppose 0 = 32*n - 59*n + 12636. Calculate the greatest common factor of n and 104.
52
Let p(c) = -c**2 + 65*c - 168. Let z be p(57). Calculate the greatest common divisor of z and 224.
32
Suppose -4*q + 3*s + 40 = -s, 3*q - 4*s - 26 = 0. Calculate the highest common factor of q and 126.
14
Let k(v) = v**2 + 5*v + 44. Let l be k(-17). Let s(a) = -a**3 - 2*a**2 - a - 5. Let c be s(-4). What is the highest common factor of l and c?
31
Let c = 39 + -17. Let a = c + -19. Suppose -a*d = -0*d - 45. What is the greatest common divisor of d and 15?
15
Let u = 47 + -40. Let f be 81/(-2)*(-48)/18. Suppose -n + 2*v + 26 = 0, 2*v - 6*v = -4*n + f. What is the highest common factor of u and n?
7
Suppose 11 - 9 = -z, -3*z = 4*c - 398. What is the highest common factor of 101 and c?
101
Suppose 8 + 10 = 4*m - y, -y = 3*m - 10. Suppose -m*t = -71 + 23. What is the highest common factor of t and 18?
6
Suppose -3*q - 906 = -1290. What is the highest common divisor of q and 224?
32
Let g(t) = 2*t + 26. Let z be g(-11). Suppose -14*w + 70 = -z*w. Calculate the highest common factor of w and 49.
7
Suppose -102*k = -101*k + 5*z - 2, -4*z + 31 = 5*k. Suppose -35 = f - 6*f. Calculate the greatest common divisor of f and k.
7
Suppose -17*j - 565 = -22*j - 5*x, 4*x = -3*j + 340. Suppose 4*s = -5*c + 54, 0 = 5*c + 4*s + s - 50. Calculate the greatest common divisor of j and c.
14
Suppose 35 = -26*a + 31*a. Suppose 5*u - 5*i - 785 = 0, i = a - 4. Calculate the highest common factor of u and 20.
20
Suppose -f - 2*b + 939 = 0, 5*b - 3*b + 3716 = 4*f. What is the highest common factor of 196 and f?
49
Suppose -2*l = -3*z + 51, 4*l = 7*z - 7*z. Suppose -68 = c - 5*c. What is the highest common factor of c and z?
17
Let b be (-1254)/(-21) + 8/28. What is the highest common factor of 204 and b?
12
Suppose -28 = -4*w - s, 0 = -11*w + 7*w + s + 20. Calculate the highest common factor of 1146 and w.
6
Suppose -5*r - 20 = c, -5*r = c - 4*c + 40. Suppose -3*d + 5 = o, d + 5*o = 8*o + c. Let t be (-9)/(-7) - 2/7. Calculate the highest common divisor of t and d.
1
Let b(m) = -5*m**2 - 5*m - 2. Let q be b(-3). Let w = q + 40. Suppose 12*c - 13*c = -w. Calculate the highest common divisor of c and 4.
4
Let w = -14 - -17. Let r be 2 - -4 - w - -2. Suppose -164 = r*l - 509. Calculate the hi